mmon divisor of p and 25379?
41
Let l be (-5 - (-1 + 2))*532/(-21). Let n be ((-3)/6)/((-9)/9)*16. Calculate the greatest common factor of l and n.
8
Suppose 5*h + 76 = 361. Let f be 2088/15 - (3 - h/15). Calculate the highest common divisor of f and 10.
10
Let n(z) be the second derivative of 0 + 11/6*z**3 - 11*z - 2*z**2. Let c be n(4). What is the highest common factor of c and 440?
40
Let l be 1/(2/4) - -9. Suppose 7 = 3*m - l. Let f(j) = 3*j**2 - 56*j + 242. Let u be f(4). Calculate the greatest common divisor of m and u.
6
Let i = -5632 + 5713. What is the greatest common divisor of 108 and i?
27
Suppose i - 27 + 26 = 0. Let p(x) = 100*x**2 + 6*x - 6. Let z be p(i). Calculate the highest common divisor of z and 50.
50
Let l be (2/1)/((-16)/(-8)). Let r be (-23)/(l/(-3)*(-3)/(-1)). Calculate the greatest common factor of r and 621.
23
Let c be (-12 + (-152)/(-12))/((-4)/(-816)). Calculate the greatest common divisor of c and 328.
8
Let g = 88 - 86. Suppose -g*m - 48 = 5*s, -s + 3 = -m + 7. Let n be 18/s*(7 - (-59)/(-1)). Calculate the highest common factor of n and 78.
39
Let l = 28 + -51. Let c(k) = k**3 + 23*k**2 - k - 21. Let m be c(l). What is the greatest common divisor of m and 5?
1
Let j = 14 + 5. Let g(p) = 48*p - 26*p + 18 - 11*p. Let m be g(7). What is the highest common factor of j and m?
19
Suppose 66 = 1958*k - 1925*k. What is the greatest common divisor of 4 and k?
2
Let q(t) = -177*t + 33. Let z be q(2). Let x = -317 - z. Calculate the greatest common factor of 6 and x.
2
Let f = 2335 - -6540. What is the greatest common factor of f and 125?
125
Suppose -4 = 17*w - 601 - 355. Let v = 37 - 6. Suppose 5*p - 171 = -v. Calculate the greatest common factor of w and p.
28
Suppose -2*a = -5*t + 7, -5*a + 60 = 3*t - 0*t. Let y(k) = 24 + 20*k - 59*k + 15*k + 19*k. Let w be y(3). Calculate the greatest common divisor of w and a.
9
Let a(d) be the second derivative of d**5/20 - 11*d**4/12 - d**3/6 + 25*d**2/2 + 25*d - 2. Let n be a(11). Calculate the highest common divisor of n and 378.
14
Suppose -22*f + 6094 = -21186. Let z = f + -590. Calculate the highest common factor of 50 and z.
50
Let l(t) = -t**3 - 19*t + 322. Let s be l(0). Calculate the greatest common factor of s and 112.
14
Suppose 0 = -5*p + 66*q - 70*q + 10857, -3*p - q = -6510. What is the highest common divisor of 9 and p?
9
Let x(l) = 2*l**3 + 57*l**2 + 13*l + 20. Let w be x(-28). What is the highest common divisor of 1672 and w?
88
Let r be (10 - 7)*523/3. Suppose 0*a = 3*n + a - r, 0 = -n + 4*a + 183. Suppose 0 = -m + 6*m - 125. Calculate the highest common factor of n and m.
25
Let f(h) = -246*h - 34. Let v(s) = -35*s - 5. Let m(c) = -6*f(c) + 44*v(c). Let l be m(-1). What is the greatest common divisor of l and 768?
48
Let g be ((-2)/(-3))/(2/36). Let a be (-506)/(-7) + (-64)/224. Suppose -3*n + a - g = 0. What is the highest common divisor of 5 and n?
5
Let d be (27/(-12) - -2)*(-7588)/7. Suppose -269 = -9*w + d. What is the highest common factor of 90 and w?
30
Let l be (-428)/(-16) - 1/(-4). Let y = 25 + -25. Let f be -4 - (y + -4 + -18). Calculate the highest common divisor of f and l.
9
Let o be ((-8)/6)/((-8)/12). Let n(f) = -f + 6. Let d be n(-10). Suppose 0 = d*g - g - 150. Calculate the greatest common divisor of g and o.
2
Suppose 28*t - 72*t + 1100 = 0. Calculate the highest common factor of t and 200.
25
Let u(d) = -d + 13. Let a be u(6). Suppose a*w - 222 = 37. Let p = 40 - w. Calculate the highest common divisor of 33 and p.
3
Suppose 3*a + 8*o = 8*a - 922, -12 = -2*o. Calculate the greatest common divisor of 4268 and a.
194
Let s be 2 - 4 - 9/(-1). Let j be 2/(-20) + 47325/750. Calculate the greatest common factor of j and s.
7
Suppose 3*k = 2*r + 678, k + 17 - 256 = 5*r. Calculate the greatest common divisor of k and 7.
7
Let a be (-4)/(-14) + 109400/280. Let d = -258 + a. Calculate the highest common factor of d and 19.
19
Suppose 4*u - 5*u - 4 = 0. Suppose 5*d + 4*j = 4*d - 14, 25 = -5*j. Let b be 6/(-1*u/d). Calculate the greatest common factor of 36 and b.
9
Let q be 65/13*((-88)/10 + 12). What is the highest common factor of 6736 and q?
16
Let w(p) = -343*p + 24. Let o be w(-5). Suppose 1344 = 139*y - 3906 - 1283. What is the highest common divisor of o and y?
47
Suppose -172*m + 62*m + 3630 = 0. Calculate the highest common divisor of 2167 and m.
11
Let r = -79 - -119. Suppose 0 = -5*m + 2*l + 251, 3*l + r = m + 6*l. Suppose 0*j = 3*j - 21. What is the greatest common divisor of m and j?
7
Let r = -95 - -233. Suppose -7*q + 1380 = 253. What is the greatest common factor of q and r?
23
Suppose -5*p = 4*j - 5660, -2*j = 33*p - 38*p + 5630. Calculate the highest common factor of p and 24.
24
Let v(p) = -p**3 + 14*p**2 + 19*p - 46. Let n be v(15). Let f be 1636/n - (-10)/70. Calculate the highest common divisor of 39 and f.
39
Let w(h) = -8*h + 120. Let d be w(15). Suppose 2*l - 3*j = 24, d*l - 2*l = 5*j - 24. What is the greatest common factor of 444 and l?
12
Let z = -339 - -595. Calculate the greatest common factor of z and 304.
16
Let v(c) = 16*c + 3. Let w be v(4). Suppose 150*l + 138*l = 280*l + 1608. What is the highest common factor of l and w?
67
Let b(f) = -f**3 - 28*f**2 - 23*f - 14. Let d be b(-27). Let r = d + 131. Suppose r*p - 118 = 71. Calculate the highest common divisor of p and 14.
7
Let t be 68 - (-1 + 1 + -4). Suppose -5*j + 50 + 10 = k, 3*k = -4*j + 136. What is the greatest common factor of k and t?
8
Suppose -3*u + 3 = a - 9, 2*u - 8 = 3*a. Suppose a = -9*b + b + 272. Suppose -2*t = -b - 102. What is the highest common factor of 4 and t?
4
Suppose 2*m - 100 = -2*m. Let h = m + -22. Suppose 5*i = -2*l + 55, -3*i = h*l - i - 110. Calculate the greatest common divisor of l and 100.
20
Suppose -5*q = -q - 8. Suppose -o - 3*o = 3*u - 96, q*o - 48 = u. Suppose 93*m - 14168 = -160*m. What is the greatest common factor of o and m?
8
Suppose 5*a - 3186 = 5994. Suppose -7*l = -l - a. Suppose 0 = -4*d - 2*t + 144, -2*d + 55 = 2*t - 21. Calculate the highest common divisor of d and l.
34
Let o = 235 - 169. Suppose 4*y = -34 + o. Calculate the highest common factor of 5 and y.
1
Suppose -2129 = -7*g + 265. Suppose 6*n + 1368 = 4*l + 3*n, -l + g = 3*n. What is the highest common divisor of 18 and l?
18
Let h = 203 - 169. Suppose -y = 4*y - 160. Suppose 2*c - y = l, -5*c - 5*l = -0*l - 95. What is the greatest common divisor of h and c?
17
Let m be (3/6*0)/1. Suppose m = -3*o + o + 84. Let l be 41/9*23 - 184/(-828). What is the greatest common divisor of o and l?
21
Let g = -432 + 646. Suppose 3*a = 4*s - 254, -2*s + g = -2*a + 86. Let j(l) = -15*l - 85. Let q be j(-16). Calculate the highest common factor of s and q.
31
Suppose 15*v = 21*v - 18. Suppose -5*s - 49 = -4*j, 2*j + 4*s = s - 3. Let f be j - -18 - (-1 + 1). What is the highest common divisor of f and v?
3
Let b(w) = 2*w**2 + 44*w + 123. Let y be b(-19). What is the highest common divisor of 5823 and y?
9
Suppose -6 - 19 = -5*s. Suppose 5*y = 4*f - 11, -2*f + 33 = s*y - 10. Suppose 14*q - f*q = 60. What is the greatest common divisor of 156 and q?
12
Let z be 20/14 - (-1 - 30/(-21)). Let d be (-18)/(-24)*(3 + 9)*z. Calculate the greatest common factor of d and 207.
9
Suppose 1455*q - 1444*q + 22 = 418. What is the greatest common factor of q and 3768?
12
Let d = -4155 + 4188. What is the greatest common factor of 29 and d?
1
Suppose 7004 = 49*z - 444. What is the greatest common factor of z and 798?
38
Let h be 558/12*(70 - -2). What is the highest common divisor of 324 and h?
108
Let h = 6105 - 5991. What is the highest common divisor of 1786 and h?
38
Let m = 1490 + -963. Let y = -383 + m. What is the highest common divisor of 64 and y?
16
Suppose 10*q = 31 - 1. Let y be (882/(-3))/(-1) + q + 2. What is the highest common factor of 26 and y?
13
Suppose q - 4*v - 1 = -10, 4*q - 49 = -v. Let w(n) = -5 - n + n**2 - 5*n + q + 4. Let b be w(8). What is the highest common factor of 39 and b?
13
Suppose 44*c = 26195 + 61101. Calculate the greatest common factor of 62 and c.
62
Suppose -3*x = -759 - 9. Let n be (12 - 14)/(2 - (-15)/(-6)). Let b be n*(-186)/(-24) - -1. What is the greatest common divisor of b and x?
32
Suppose -124*b + 48 = -128*b. Let r be (27/b + 4)/((-1)/(-1